. Let n(f) be the first derivative of l(f). Give n(8).
-4
Let o(j) be the second derivative of 7*j**3/3 + 35*j**2/2 - 107*j - 24. Determine o(-7).
-63
Let r(p) = p**3 + 5*p**2 - 8*p - 6. Suppose 0 = 10*s + 6689 - 6629. What is r(s)?
6
Let n = -2847 - -2855. Let x(a) = a**2 - 8*a + 6. Determine x(n).
6
Let x be (-6)/(-4) - (4048/69)/44. Let v(y) be the second derivative of 0 - 1/2*y**2 - 26*y + x*y**3. What is v(6)?
5
Let l(v) = 4*v + 2*v - 23 - v + 10*v - 13*v + 0*v. Let x(m) = m**3 + 2*m**2 - 2*m - 1. Let n be x(2). Determine l(n).
-1
Let k(q) = 52*q + 296. Suppose 138 = 14478*r - 14501*r. Calculate k(r).
-16
Let u(b) be the second derivative of -b**5/20 + b**4/2 + 5*b**3/6 - 6*b**2 - 457*b. What is u(7)?
-26
Suppose 0 = 2*r - 18*l + 22*l + 38, -2*r = l + 26. Let x(c) = c**3 + 12*c**2 + 17*c + 21. Calculate x(r).
-45
Let r = -10595 - -10603. Let n(v) = v - 25. What is n(r)?
-17
Let s(j) be the third derivative of 1/6*j**3 + 1/4*j**4 - j**2 + 1/60*j**5 + 0*j + 0. Let i = -37 - -31. Calculate s(i).
1
Let a(q) = -6*q**3 - 7*q**2 - 55*q + 8. Let n(d) = d**3 + d**2 + 18*d - 1. Let p(i) = a(i) + 3*n(i). Determine p(-2).
15
Let l(o) be the first derivative of -2*o**3/3 - 4*o**2 + 10*o - 3. Suppose -2*h = 52*a - 350, 0 = 2*h - 5*a - 14 + 63. What is l(h)?
-32
Let m(r) be the second derivative of r**3/2 - 57*r**2/2 - 4003*r. Give m(0).
-57
Let q(z) = 10*z + 7 + 0*z**2 - 6*z**2 - z**3 - 2*z. Let b be (-1)/((-88)/(-28) + -3). Let w(f) = -2*f**3 - 14*f**2 + 18*f + 119. Let x be w(b). Determine q(x).
0
Let n(s) be the second derivative of s**3 + 14*s**2 + 78*s + 2. Give n(-13).
-50
Let r(q) = -18*q - 1. Let h be ((-129)/(-18))/((-9)/(162/(-3))). Let k = h - 45. Determine r(k).
35
Let a(o) be the third derivative of o**5/60 + 5*o**4/12 - 17*o**3/6 + 74*o**2 - 3*o - 2. Let m = 17 - 30. What is a(m)?
22
Let f(j) = -32*j**2 + j + 2. Suppose -26*r = 53*r + 42*r + 121. Calculate f(r).
-31
Let v = -9662 - -9646. Let n(w) = w**2 + 14*w - 31. Calculate n(v).
1
Suppose -8*j - 1012 = 24*j + 14*j. Let d(m) = -m - 31. What is d(j)?
-9
Suppose -5*t = -3*f - 109, 5*t - 5*f = 110 + 5. Let a(b) = -21*b**3 + 50 - 48 + t*b**3. Let l = 36 + -36. What is a(l)?
2
Let k(i) = 3. Let z(r) = r - 1. Let t(u) = k(u) + 3*z(u). Let o(l) = 10*l - 48 + 15 + 17 + 17 - 26*l. Let x(d) = 6*o(d) + 33*t(d). Calculate x(-4).
-6
Let u(d) = -3*d**3 + 2*d**2 - 3*d. Let q be ((-33)/(-11))/(2 + (-6)/2). Give u(q).
108
Let p(q) = -34*q**2 - 7*q - 1. Let h(k) = -35*k**2 - 6*k - 1. Let z(i) = 5*h(i) - 4*p(i). Let d = 6398 + -6399. Give z(d).
-38
Let k be 10/70*(-7)/(-1) + 42. Let x(a) = 6*a**2 - 5*a**2 + 3*a**2 - 44*a - 3*a**2 + k*a. Suppose 5*u = 2 + 8. Calculate x(u).
2
Let z(v) be the second derivative of 0 - 1/12*v**4 - 1/3*v**3 + 19*v - 1/2*v**2. Determine z(-5).
-16
Let s(b) = -b**2 - 15*b + 188. Let q be s(8). Let z(l) be the third derivative of -5/6*l**3 - 1/12*l**q + 0*l - 12*l**2 + 0. What is z(-5)?
5
Let h(g) = -46*g + 54. Let c(z) = -6*z + 1. Let x(u) = -5*c(u) + h(u). What is x(4)?
-15
Let c = 3 - 4. Suppose 0 = -12*p + 15*p - 33. Let h(z) = 4 - 5 + 6*z**2 + p*z - 20*z + 7*z. Calculate h(c).
7
Let i(y) = 10*y**2 + 8*y - 22. Let g be i(4). Let k = -175 + g. Let o(q) = q**2 + 7*q + 3. Give o(k).
-7
Let t(o) = 476*o + 1434. Let m be t(-3). Let g(n) = -n**2 + 5*n + 5. Let p(q) = q**2 - 5*q - 5. Let c(j) = 3*g(j) + 2*p(j). Give c(m).
-1
Let i(s) be the third derivative of -s**6/24 - s**5/60 - s**4/12 - s**3/6 - 205*s**2. Calculate i(-1).
5
Let o be (-455)/(-70) + 30/(-6). Let f(r) be the first derivative of o*r**2 - 21 + r. Calculate f(6).
19
Let q(l) = 16*l + 2. Suppose 80 = 63*k - 103*k. Determine q(k).
-30
Let m(x) = x - 2. Suppose 4*s = 21 - 5, s = 5*p - 11. Let t(y) be the first derivative of -y**2 + 2*y + 2. Let n(r) = p*t(r) + 4*m(r). Give n(4).
-10
Let u(k) = k**3 + 19*k**2 + 33*k - 13. Let j be u(-17). Let q(d) be the second derivative of -d**5/20 + d**4/4 + 2*d**3/3 + 2*d**2 - 96*d. What is q(j)?
4
Let y(g) = -4*g**2 - 29*g - 7. Let s(a) = 10*a**2 - 9*a - 122. Let j be s(-3). Calculate y(j).
38
Let k(p) be the second derivative of -p**3/6 + 4*p**2 + 13*p. Let n be 6 + -9 + 4 + -2 + 1. Calculate k(n).
8
Let z(j) = j**3 - 12*j**2 - 29*j + 16. Let o be z(14). Let s(i) = -1 + 8*i**2 + 3 - 6*i**o - 3 - 8*i - 3*i**2. What is s(-7)?
6
Let i(a) be the first derivative of 17*a**2/2 - 134*a - 6332. Give i(8).
2
Suppose 1 = -4*o - 3*k, 4*o - 3*k - 5 = -4*k. Suppose 5*t = -o*v + 58, 19*v + 2*t = 17*v + 46. Let n(s) = s**3 - 19*s**2 - s + 25. Determine n(v).
6
Let g(u) be the second derivative of u**3/3 + 7*u**2 - 1175*u. Give g(5).
24
Let f(j) = -4*j**3 + 17*j**2 - 51*j - 31. Let a(s) = 13*s**3 - 53*s**2 + 165*s + 93. Let q(b) = -3*a(b) - 10*f(b). Calculate q(9).
4
Let o be 0 + ((-60)/(-16))/3 + 75/(-100). Let q(g) be the second derivative of -o*g**2 + 0 + 1/6*g**3 + 5*g. Give q(-5).
-6
Let u be 1/(45/225*(-5)/2) + 0. Let q(t) = -5*t**2 - 19*t - 17. Calculate q(u).
1
Let p(r) be the first derivative of -13*r**2/2 - r - 783. What is p(1)?
-14
Let u(v) = v**3 - v**2 - 13. Let b(w) = -4*w - 23. Let j be b(-6). Suppose -1 + j = -3*s. Suppose 0 = 5*m - s*m. Calculate u(m).
-13
Let o(h) = 5*h + 9. Let k(b) be the third derivative of b**4/24 + b**3/6 - 31*b**2. Let i(d) = 6*k(d) - o(d). Determine i(0).
-3
Let f(b) = -4*b + 4. Let k = -14 - -17. Let o(j) = j**2 - 6*j + 13. Let n be o(k). Give f(n).
-12
Let x(h) = -34*h + 5. Let k(i) = -18*i + 3. Let d(p) = -5*k(p) + 2*x(p). Give d(-2).
-49
Suppose -204*f + 206*f = 14. Let v(b) = 354*b + 11 - 345*b - f*b**2 - b**3 + 16*b**2. Determine v(10).
1
Let p(k) = k**3 + 13*k**2 + 11*k + 2. Let n(o) = 12*o + 624. Let r be n(-53). Calculate p(r).
14
Let n(m) = -15*m. Let i(s) = -2*s**2 + 5*s + 1. Let g(q) = -q**2 + 2*q + 1. Let t(a) = 5*g(a) - 3*i(a). Let d be t(6). Suppose -4 = -4*c - d. Calculate n(c).
15
Let y(q) = -8*q - 46. Suppose 159*s + 1171 + 1068 = -623. Give y(s).
98
Let y(p) = 7*p - 10. Let d(v) = 13*v - 18. Let o(u) = -4*d(u) + 9*y(u). Give o(2).
4
Suppose -4*j = 4*v + 20, 2*j + 2*v = 4*j - 2. Let i = 226 + -224. Let q(a) = -962 - i*a**3 + 0*a + 4*a + 965. Calculate q(j).
11
Let f(b) = -5*b**3 + b - 1. Suppose 1 = -g, -n - 7 = -0*n + g. Let z be 7/(1/(1/(-1))). Let i = n - z. Calculate f(i).
-5
Let b(r) = -4*r**2 - 2*r + 7. Let h(s) = 11*s**2 + 5*s - 20. Let t(d) = -8*b(d) - 3*h(d). Let y(z) = 5*z**3 + 3*z - 4. Let u be y(1). Calculate t(u).
-8
Let g(u) = 3*u**3 - 4*u - 5. Suppose 0 = 4*j + k + 23 + 20, 0 = -j + 4*k - 15. Let d(w) = -16*w**3 + w**2 + 21*w + 27. Let y(x) = j*g(x) - 2*d(x). What is y(3)?
-38
Let x(a) = -8*a + 22. Let l be 756/(-567) - (-13)/3. Calculate x(l).
-2
Let v(w) = w**2 + 9*w - 12. Let k = -293 - -547. Suppose -92 = -18*i - k. Give v(i).
-12
Let y(b) = -12 - 12 + 3 + 11 - 3*b - 1. What is y(-6)?
7
Let a(w) = -11*w - 107. Let r be a(-20). Suppose 0 = -120*b + r*b - 42. Let g(d) = -d + 2. Determine g(b).
8
Let l be (-5 - (4 - 3)) + 0 + -4. Let x(o) = 11*o + 104. Determine x(l).
-6
Let t be (-152)/2964 + (-1010)/78. Let q(z) = -2*z**2 - 25*z + 8. What is q(t)?
-5
Let f(j) = 2*j - 17. Let d = 404 + -397. Let z be (d + -9)*-3 - -5. Calculate f(z).
5
Let y(v) = -v**3 + 6*v**2 - v + 14. Let x be ((-264)/56 - 2/7) + 11. Calculate y(x).
8
Let n = 4 - -1. Let k(v) be the third derivative of 1/3*v**3 + 1/60*v**5 - 7/24*v**4 + 0*v + 8*v**2 + 0. Calculate k(n).
-8
Let j(q) = q**2 + q + 1. Suppose -2*m + k = 0, -3 = 3*m + 7*k - 8*k. What is j(m)?
7
Let a(k) be the first derivative of k**3 + 3*k**2/2 - 1. Suppose 0 = 765899*y - 765915*y - 32. Determine a(y).
6
Let m(u) = -4*u + 28. Let k = 34266 - 34275. Determine m(k).
64
Let m(b) = b**2 + 6*b - 3. Let s be m(-6). Suppose -4*w - 3 = -k - 0, w = -k + 3. Let v(z) = 5 + 4*z**k - 3*z**3 + 3*z**2 + z - 7. Calculate v(s).
-5
Let o(m) be the first derivative of -m**5/60 - m**4/6 - m**3 + m**2/2 - 11*m + 62. Let d(f) be the second derivative of o(f). What is d(-5)?
-11
Let u(w) = -w**3 + 7. Let g(h) = -4*h**2 + 72*h. Suppose -2*d + 5*j = -26, 2*j + 14 = -3*d + 4*d. Let t be g(d). Determine u(t).
7
Let h(s) be the second derivative of -s**4/12 + 23*s**3/3 - 166*s**2 - 7164*s. What is h(37)?
1
Let z be 2/(((-12)/(-14))/3). Let k(g) = 5*g - 6*g + 5524 + 5520 - 11038. Calculate k(z).
-1
Suppose -17 =